{"id":6055,"date":"2023-04-17T15:36:54","date_gmt":"2023-04-17T13:36:54","guid":{"rendered":"https:\/\/idefixtravel.at\/impressum\/"},"modified":"2023-05-04T13:59:01","modified_gmt":"2023-05-04T11:59:01","slug":"impressum","status":"publish","type":"page","link":"https:\/\/www.idefixtravel.at\/de\/impressum\/","title":{"rendered":"Impressum"},"content":{"rendered":"\t\t<div data-elementor-type=\"wp-page\" data-elementor-id=\"6055\" class=\"elementor elementor-6055 elementor-1188\" data-elementor-post-type=\"page\">\n\t\t\t\t\t\t<section class=\"ob-is-breaking-bad elementor-section elementor-top-section elementor-element elementor-element-f083536 elementor-section-boxed elementor-section-height-default elementor-section-height-default\" data-id=\"f083536\" data-element_type=\"section\" data-e-type=\"section\" data-settings=\"{&quot;_ob_bbad_use_it&quot;:&quot;yes&quot;,&quot;_ob_bbad_sssic_use&quot;:&quot;no&quot;,&quot;_ob_glider_is_slider&quot;:&quot;no&quot;}\">\n\t\t\t\t\t\t<div class=\"elementor-container elementor-column-gap-default\">\n\t\t\t\t\t<div class=\"elementor-column elementor-col-100 elementor-top-column elementor-element elementor-element-8bc20be\" data-id=\"8bc20be\" data-element_type=\"column\" data-e-type=\"column\" data-settings=\"{&quot;_ob_bbad_is_stalker&quot;:&quot;no&quot;,&quot;_ob_teleporter_use&quot;:false,&quot;_ob_column_hoveranimator&quot;:&quot;no&quot;,&quot;_ob_column_has_pseudo&quot;:&quot;no&quot;}\">\n\t\t\t<div class=\"elementor-widget-wrap elementor-element-populated\">\n\t\t\t\t\t\t<div class=\"elementor-element elementor-element-1007e49 ob-harakiri-inherit ob-has-background-overlay elementor-widget elementor-widget-heading\" data-id=\"1007e49\" data-element_type=\"widget\" data-e-type=\"widget\" data-settings=\"{&quot;_ob_use_harakiri&quot;:&quot;yes&quot;,&quot;_ob_harakiri_writing_mode&quot;:&quot;inherit&quot;,&quot;_ob_harakiri_text_clip&quot;:&quot;none&quot;,&quot;_ob_perspektive_use&quot;:&quot;no&quot;,&quot;_ob_poopart_use&quot;:&quot;yes&quot;,&quot;_ob_shadough_use&quot;:&quot;no&quot;,&quot;_ob_allow_hoveranimator&quot;:&quot;no&quot;,&quot;_ob_widget_stalker_use&quot;:&quot;no&quot;}\" data-widget_type=\"heading.default\">\n\t\t\t\t<div class=\"elementor-widget-container\">\n\t\t\t\t\t<h1 class=\"elementor-heading-title elementor-size-default\">Impressum<\/h1>\t\t\t\t<\/div>\n\t\t\t\t<\/div>\n\t\t\t\t\t<\/div>\n\t\t<\/div>\n\t\t\t\t\t<\/div>\n\t\t<\/section>\n\t\t\t\t<section class=\"ob-is-breaking-bad elementor-section elementor-top-section elementor-element elementor-element-329e55b elementor-section-boxed elementor-section-height-default elementor-section-height-default\" data-id=\"329e55b\" data-element_type=\"section\" data-e-type=\"section\" data-settings=\"{&quot;_ob_bbad_use_it&quot;:&quot;yes&quot;,&quot;_ob_bbad_sssic_use&quot;:&quot;no&quot;,&quot;_ob_glider_is_slider&quot;:&quot;no&quot;}\">\n\t\t\t\t\t\t<div class=\"elementor-container elementor-column-gap-default\">\n\t\t\t\t\t<div class=\"elementor-column elementor-col-100 elementor-top-column elementor-element elementor-element-404d443\" data-id=\"404d443\" data-element_type=\"column\" data-e-type=\"column\" data-settings=\"{&quot;_ob_bbad_is_stalker&quot;:&quot;no&quot;,&quot;_ob_teleporter_use&quot;:false,&quot;_ob_column_hoveranimator&quot;:&quot;no&quot;,&quot;_ob_column_has_pseudo&quot;:&quot;no&quot;}\">\n\t\t\t<div class=\"elementor-widget-wrap elementor-element-populated\">\n\t\t\t\t\t\t<div class=\"elementor-element elementor-element-5895de3 ob-harakiri-inherit ob-has-background-overlay elementor-widget elementor-widget-text-editor\" data-id=\"5895de3\" data-element_type=\"widget\" data-e-type=\"widget\" data-settings=\"{&quot;_ob_use_harakiri&quot;:&quot;yes&quot;,&quot;_ob_harakiri_writing_mode&quot;:&quot;inherit&quot;,&quot;_ob_postman_use&quot;:&quot;no&quot;,&quot;_ob_perspektive_use&quot;:&quot;no&quot;,&quot;_ob_poopart_use&quot;:&quot;yes&quot;,&quot;_ob_shadough_use&quot;:&quot;no&quot;,&quot;_ob_allow_hoveranimator&quot;:&quot;no&quot;,&quot;_ob_widget_stalker_use&quot;:&quot;no&quot;}\" data-widget_type=\"text-editor.default\">\n\t\t\t\t<div class=\"elementor-widget-container\">\n\t\t\t\t\t\t\t\t\t<p><em><strong>Information und Offenlegung gem\u00e4\u00df \u00a7 5 (1) ECG, \u00a7 25 MedienG, \u00a7 63 GewO und \u00a7 14 UGB<\/strong><\/em><\/p><p><strong>Betreiber der Website:<\/strong><br \/>Reiseb\u00fcro Idefix Flight Travel GmbH<\/p><p><strong>Adresse:<\/strong><br \/>Bandgasse 7\/3\/16<br \/>1070 Wien<\/p><p><strong>Kontaktinformationen:<\/strong><br \/>Tel.: +43-1\/934 65 81<br \/>Fax: +43-1\/505 47 47-100<br \/>E-Mail: <a href=\"mailto:office@idefixtravel.at\" target=\"_blank\" rel=\"noopener\">office@idefixtravel.at<\/a><\/p><div><div><p><strong>Register:<\/strong><br \/>Firmenbuchnummer: 399694k<br \/>Firmenbuchgericht: LG Wien<br \/>UID-Nummer: ATU68110956<br \/>GISA-Nummer: 26217796<\/p><div><strong>Zust\u00e4ndige Aufsichtsbeh\u00f6rde:<\/strong><\/div><div>Magistrat der Stadt Wien<\/div><div>Mitglied der Wirtschaftskammer Wien<\/div><\/div><div>Sparte Tourismus- und Freizeitwirtschaft<\/div><div>Fachgruppe Reiseb\u00fcros<\/div><div>Reiseb\u00fcrogewerbe<\/div><div>Berechtigung verliehen in \u00d6sterreich<\/div><div>Verbraucher haben die M\u00f6glichkeit, Beschwerden an die Online-Streitbeilegungsplattform der EU zur richten:\u00a0<a href=\"http:\/\/ec.europa.eu\/odr\" target=\"_blank\" rel=\"noopener\">http:\/\/ec.europa.eu\/odr<\/a>.<\/div><div>Sie k\u00f6nnen allf\u00e4llige Beschwerden auch an die oben angegebene E-Mail-Adresse richten.<\/div><div>\u00a0<\/div><\/div><p><strong>Copyright:<\/strong> <br \/>Soweit dies rechtlich m\u00f6glich ist, unterliegen die Inhalte der Website verschiedenen Schutzrechten (z.B. Copyright). Jede urheberrechtlich unzul\u00e4ssige Verwendung\/Verbreitung von bereitgestelltem Material bedarf der schriftlichen Zustimmung des Websitebetreibers.<\/p><p><strong>Fotograf*in:<br \/><\/strong>Artem Zhukov<br \/>Austin Neill<br \/>Avel Chuklanov<br \/>Bruce Mars<br \/>Eduardo Flores<br \/>Febiyan<br \/>Keyur Nandaniya<br \/>Mariah Krafft<br \/>Raimond Klavins<br \/>Sacha Verheij<br \/>Salman Hossain Saif<br \/>Sergi Ferrete<br \/>William Topa<\/p><p><strong>Haftungshinweis:<\/strong><br \/>Trotz sorgf\u00e4ltiger inhaltlicher Kontrolle \u00fcbernimmt der Websitebetreiber dieser Website keine Haftung f\u00fcr die Inhalte externer Links. F\u00fcr den Inhalt der verlinkten Seiten sind ausschlie\u00dflich deren Betreiber verantwortlich. Sollten Sie dennoch Kenntnis von ausgehenden Links erlangen, die auf eine Website mit rechtswidrigen Aktivit\u00e4ten\/Informationen verweisen, ersuchen wir Sie, uns dies mitzuteilen, damit wir diese gem\u00e4\u00df \u00a7 17 Abs. 2 ECG unverz\u00fcglich entfernen k\u00f6nnen. Die Urheberrechte Dritter werden vom Betreiber dieser Website mit gr\u00f6\u00dftm\u00f6glicher Sorgfalt beachtet. Sollten Sie trotzdem auf eine Urheberrechtsverletzung aufmerksam werden, bitten wir um einen entsprechenden Hinweis. Bei Bekanntwerden von entsprechenden Rechtsverletzungen werden wir diese Inhalte umgehend entfernen.<br \/><br \/><strong>F\u00fcr Reiseb\u00fcros gelten folgende Rechtsvorschriften:<\/strong><\/p><ul type=\"disc\"><li><a href=\"https:\/\/www.ris.bka.gv.at\/GeltendeFassung.wxe?Abfrage=Bundesnormen&amp;Gesetzesnummer=10007517\" target=\"_blank\" rel=\"noopener\">Gewerbeordnung 1994, insbesondere \u00a7 94 Z 56 und \u00a7 126<\/a><\/li><li><a href=\"https:\/\/www.ris.bka.gv.at\/GeltendeFassung.wxe?Abfrage=Bundesnormen&amp;Gesetzesnummer=20002480\" target=\"_blank\" rel=\"noopener\">Reiseb\u00fcro-Verordnung<\/a><\/li><li><a href=\"https:\/\/ris.bka.gv.at\/GeltendeFassung.wxe?Abfrage=Bundesnormen&amp;Gesetzesnummer=20010321\" target=\"_blank\" rel=\"noopener\">Pauschalreiseverordnung<\/a><\/li><li><a href=\"https:\/\/ris.bka.gv.at\/GeltendeFassung.wxe?Abfrage=Bundesnormen&amp;Gesetzesnummer=2000985\" target=\"_blank\" rel=\"noopener\">Pauschalreisegesetz<\/a><\/li><\/ul>\t\t\t\t\t\t\t\t<\/div>\n\t\t\t\t<\/div>\n\t\t\t\t\t<\/div>\n\t\t<\/div>\n\t\t\t\t\t<\/div>\n\t\t<\/section>\n\t\t\t\t<section class=\"ob-is-breaking-bad elementor-section elementor-top-section elementor-element elementor-element-7f9d5d0 elementor-section-boxed elementor-section-height-default elementor-section-height-default\" data-id=\"7f9d5d0\" data-element_type=\"section\" data-e-type=\"section\" data-settings=\"{&quot;_ob_bbad_use_it&quot;:&quot;yes&quot;,&quot;_ob_bbad_sssic_use&quot;:&quot;no&quot;,&quot;_ob_glider_is_slider&quot;:&quot;no&quot;}\">\n\t\t\t\t\t\t<div class=\"elementor-container elementor-column-gap-default\">\n\t\t\t\t\t<div class=\"elementor-column elementor-col-100 elementor-top-column elementor-element elementor-element-51b79b6\" data-id=\"51b79b6\" data-element_type=\"column\" data-e-type=\"column\" data-settings=\"{&quot;_ob_bbad_is_stalker&quot;:&quot;no&quot;,&quot;_ob_teleporter_use&quot;:false,&quot;_ob_column_hoveranimator&quot;:&quot;no&quot;,&quot;_ob_column_has_pseudo&quot;:&quot;no&quot;}\">\n\t\t\t<div class=\"elementor-widget-wrap elementor-element-populated\">\n\t\t\t\t\t\t<div class=\"elementor-element elementor-element-58fe814 ob-has-background-overlay elementor-widget elementor-widget-spacer\" data-id=\"58fe814\" data-element_type=\"widget\" data-e-type=\"widget\" data-settings=\"{&quot;_ob_spacerat_use&quot;:&quot;no&quot;,&quot;_ob_perspektive_use&quot;:&quot;no&quot;,&quot;_ob_poopart_use&quot;:&quot;yes&quot;,&quot;_ob_shadough_use&quot;:&quot;no&quot;,&quot;_ob_allow_hoveranimator&quot;:&quot;no&quot;,&quot;_ob_widget_stalker_use&quot;:&quot;no&quot;}\" data-widget_type=\"spacer.default\">\n\t\t\t\t<div class=\"elementor-widget-container\">\n\t\t\t\t\t\t\t<div class=\"elementor-spacer\">\n\t\t\t<div class=\"elementor-spacer-inner\"><\/div>\n\t\t<\/div>\n\t\t\t\t\t\t<\/div>\n\t\t\t\t<\/div>\n\t\t\t\t\t<\/div>\n\t\t<\/div>\n\t\t\t\t\t<\/div>\n\t\t<\/section>\n\t\t\t\t<\/div>\n\t\t","protected":false},"excerpt":{"rendered":"<p>Information und Offenlegung gem\u00e4\u00df \u00a7 5 (1) ECG, \u00a7 25 MedienG, \u00a7 63 GewO und \u00a7 14 UGB Betreiber der Website:Reiseb\u00fcro Idefix Flight Travel GmbH Adresse:Bandgasse 7\/3\/161070 Wien Kontaktinformationen:Tel.: +43-1\/934 65 81Fax: +43-1\/505 47 47-100E-Mail: office@idefixtravel.at Register:Firmenbuchnummer: 399694kFirmenbuchgericht: LG WienUID-Nummer: ATU68110956GISA-Nummer: 26217796 Zust\u00e4ndige Aufsichtsbeh\u00f6rde:Magistrat der Stadt WienMitglied der Wirtschaftskammer WienSparte Tourismus- und FreizeitwirtschaftFachgruppe Reiseb\u00fcrosReiseb\u00fcrogewerbeBerechtigung verliehen [&hellip;]<\/p>\n","protected":false},"author":1,"featured_media":0,"parent":0,"menu_order":22,"comment_status":"closed","ping_status":"closed","template":"elementor_header_footer","meta":{"footnotes":""},"class_list":["post-6055","page","type-page","status-publish","hentry"],"_links":{"self":[{"href":"https:\/\/www.idefixtravel.at\/de\/wp-json\/wp\/v2\/pages\/6055","targetHints":{"allow":["GET"]}}],"collection":[{"href":"https:\/\/www.idefixtravel.at\/de\/wp-json\/wp\/v2\/pages"}],"about":[{"href":"https:\/\/www.idefixtravel.at\/de\/wp-json\/wp\/v2\/types\/page"}],"author":[{"embeddable":true,"href":"https:\/\/www.idefixtravel.at\/de\/wp-json\/wp\/v2\/users\/1"}],"replies":[{"embeddable":true,"href":"https:\/\/www.idefixtravel.at\/de\/wp-json\/wp\/v2\/comments?post=6055"}],"version-history":[{"count":74,"href":"https:\/\/www.idefixtravel.at\/de\/wp-json\/wp\/v2\/pages\/6055\/revisions"}],"predecessor-version":[{"id":6884,"href":"https:\/\/www.idefixtravel.at\/de\/wp-json\/wp\/v2\/pages\/6055\/revisions\/6884"}],"wp:attachment":[{"href":"https:\/\/www.idefixtravel.at\/de\/wp-json\/wp\/v2\/media?parent=6055"}],"curies":[{"name":"wp","href":"https:\/\/api.w.org\/{rel}","templated":true}]}}

<div data-elementor-type="wp-page" data-elementor-id="6055" class="elementor elementor-6055 elementor-1188" data-elementor-post-type="page">
						<section class="ob-is-breaking-bad elementor-section elementor-top-section elementor-element elementor-element-f083536 elementor-section-boxed elementor-section-height-default elementor-section-height-default" data-id="f083536" data-element_type="section" data-e-type="section" data-settings="{&quot;_ob_bbad_use_it&quot;:&quot;yes&quot;,&quot;_ob_bbad_sssic_use&quot;:&quot;no&quot;,&quot;_ob_glider_is_slider&quot;:&quot;no&quot;}">
						<div class="elementor-container elementor-column-gap-default">
					<div class="elementor-column elementor-col-100 elementor-top-column elementor-element elementor-element-8bc20be" data-id="8bc20be" data-element_type="column" data-e-type="column" data-settings="{&quot;_ob_bbad_is_stalker&quot;:&quot;no&quot;,&quot;_ob_teleporter_use&quot;:false,&quot;_ob_column_hoveranimator&quot;:&quot;no&quot;,&quot;_ob_column_has_pseudo&quot;:&quot;no&quot;}">
			<div class="elementor-widget-wrap elementor-element-populated">
						<div class="elementor-element elementor-element-1007e49 ob-harakiri-inherit ob-has-background-overlay elementor-widget elementor-widget-heading" data-id="1007e49" data-element_type="widget" data-e-type="widget" data-settings="{&quot;_ob_use_harakiri&quot;:&quot;yes&quot;,&quot;_ob_harakiri_writing_mode&quot;:&quot;inherit&quot;,&quot;_ob_harakiri_text_clip&quot;:&quot;none&quot;,&quot;_ob_perspektive_use&quot;:&quot;no&quot;,&quot;_ob_poopart_use&quot;:&quot;yes&quot;,&quot;_ob_shadough_use&quot;:&quot;no&quot;,&quot;_ob_allow_hoveranimator&quot;:&quot;no&quot;,&quot;_ob_widget_stalker_use&quot;:&quot;no&quot;}" data-widget_type="heading.default">
				<div class="elementor-widget-container">
					<h1 class="elementor-heading-title elementor-size-default">Impressum</h1>				</div>
				</div>
					</div>
		</div>
					</div>
		</section>
				<section class="ob-is-breaking-bad elementor-section elementor-top-section elementor-element elementor-element-329e55b elementor-section-boxed elementor-section-height-default elementor-section-height-default" data-id="329e55b" data-element_type="section" data-e-type="section" data-settings="{&quot;_ob_bbad_use_it&quot;:&quot;yes&quot;,&quot;_ob_bbad_sssic_use&quot;:&quot;no&quot;,&quot;_ob_glider_is_slider&quot;:&quot;no&quot;}">
						<div class="elementor-container elementor-column-gap-default">
					<div class="elementor-column elementor-col-100 elementor-top-column elementor-element elementor-element-404d443" data-id="404d443" data-element_type="column" data-e-type="column" data-settings="{&quot;_ob_bbad_is_stalker&quot;:&quot;no&quot;,&quot;_ob_teleporter_use&quot;:false,&quot;_ob_column_hoveranimator&quot;:&quot;no&quot;,&quot;_ob_column_has_pseudo&quot;:&quot;no&quot;}">
			<div class="elementor-widget-wrap elementor-element-populated">
						<div class="elementor-element elementor-element-5895de3 ob-harakiri-inherit ob-has-background-overlay elementor-widget elementor-widget-text-editor" data-id="5895de3" data-element_type="widget" data-e-type="widget" data-settings="{&quot;_ob_use_harakiri&quot;:&quot;yes&quot;,&quot;_ob_harakiri_writing_mode&quot;:&quot;inherit&quot;,&quot;_ob_postman_use&quot;:&quot;no&quot;,&quot;_ob_perspektive_use&quot;:&quot;no&quot;,&quot;_ob_poopart_use&quot;:&quot;yes&quot;,&quot;_ob_shadough_use&quot;:&quot;no&quot;,&quot;_ob_allow_hoveranimator&quot;:&quot;no&quot;,&quot;_ob_widget_stalker_use&quot;:&quot;no&quot;}" data-widget_type="text-editor.default">
				<div class="elementor-widget-container">
									<p><em><strong>Information und Offenlegung gemäß § 5 (1) ECG, § 25 MedienG, § 63 GewO und § 14 UGB</strong></em></p><p><strong>Betreiber der Website:</strong><br />Reisebüro Idefix Flight Travel GmbH</p><p><strong>Adresse:</strong><br />Bandgasse 7/3/16<br />1070 Wien</p><p><strong>Kontaktinformationen:</strong><br />Tel.: +43-1/934 65 81<br />Fax: +43-1/505 47 47-100<br />E-Mail: <a href="mailto:office@idefixtravel.at" target="_blank" rel="noopener">office@idefixtravel.at</a></p><div><div><p><strong>Register:</strong><br />Firmenbuchnummer: 399694k<br />Firmenbuchgericht: LG Wien<br />UID-Nummer: ATU68110956<br />GISA-Nummer: 26217796</p><div><strong>Zuständige Aufsichtsbehörde:</strong></div><div>Magistrat der Stadt Wien</div><div>Mitglied der Wirtschaftskammer Wien</div></div><div>Sparte Tourismus- und Freizeitwirtschaft</div><div>Fachgruppe Reisebüros</div><div>Reisebürogewerbe</div><div>Berechtigung verliehen in Österreich</div><div>Verbraucher haben die Möglichkeit, Beschwerden an die Online-Streitbeilegungsplattform der EU zur richten: <a href="http://ec.europa.eu/odr" target="_blank" rel="noopener">http://ec.europa.eu/odr</a>.</div><div>Sie können allfällige Beschwerden auch an die oben angegebene E-Mail-Adresse richten.</div><div> </div></div><p><strong>Copyright:</strong> <br />Soweit dies rechtlich möglich ist, unterliegen die Inhalte der Website verschiedenen Schutzrechten (z.B. Copyright). Jede urheberrechtlich unzulässige Verwendung/Verbreitung von bereitgestelltem Material bedarf der schriftlichen Zustimmung des Websitebetreibers.</p><p><strong>Fotograf*in:<br /></strong>Artem Zhukov<br />Austin Neill<br />Avel Chuklanov<br />Bruce Mars<br />Eduardo Flores<br />Febiyan<br />Keyur Nandaniya<br />Mariah Krafft<br />Raimond Klavins<br />Sacha Verheij<br />Salman Hossain Saif<br />Sergi Ferrete<br />William Topa</p><p><strong>Haftungshinweis:</strong><br />Trotz sorgfältiger inhaltlicher Kontrolle übernimmt der Websitebetreiber dieser Website keine Haftung für die Inhalte externer Links. Für den Inhalt der verlinkten Seiten sind ausschließlich deren Betreiber verantwortlich. Sollten Sie dennoch Kenntnis von ausgehenden Links erlangen, die auf eine Website mit rechtswidrigen Aktivitäten/Informationen verweisen, ersuchen wir Sie, uns dies mitzuteilen, damit wir diese gemäß § 17 Abs. 2 ECG unverzüglich entfernen können. Die Urheberrechte Dritter werden vom Betreiber dieser Website mit größtmöglicher Sorgfalt beachtet. Sollten Sie trotzdem auf eine Urheberrechtsverletzung aufmerksam werden, bitten wir um einen entsprechenden Hinweis. Bei Bekanntwerden von entsprechenden Rechtsverletzungen werden wir diese Inhalte umgehend entfernen.<br /><br /><strong>Für Reisebüros gelten folgende Rechtsvorschriften:</strong></p><ul type="disc"><li><a href="https://www.ris.bka.gv.at/GeltendeFassung.wxe?Abfrage=Bundesnormen&amp;Gesetzesnummer=10007517" target="_blank" rel="noopener">Gewerbeordnung 1994, insbesondere § 94 Z 56 und § 126</a></li><li><a href="https://www.ris.bka.gv.at/GeltendeFassung.wxe?Abfrage=Bundesnormen&amp;Gesetzesnummer=20002480" target="_blank" rel="noopener">Reisebüro-Verordnung</a></li><li><a href="https://ris.bka.gv.at/GeltendeFassung.wxe?Abfrage=Bundesnormen&amp;Gesetzesnummer=20010321" target="_blank" rel="noopener">Pauschalreiseverordnung</a></li><li><a href="https://ris.bka.gv.at/GeltendeFassung.wxe?Abfrage=Bundesnormen&amp;Gesetzesnummer=2000985" target="_blank" rel="noopener">Pauschalreisegesetz</a></li></ul>								</div>
				</div>
					</div>
		</div>
					</div>
		</section>
				<section class="ob-is-breaking-bad elementor-section elementor-top-section elementor-element elementor-element-7f9d5d0 elementor-section-boxed elementor-section-height-default elementor-section-height-default" data-id="7f9d5d0" data-element_type="section" data-e-type="section" data-settings="{&quot;_ob_bbad_use_it&quot;:&quot;yes&quot;,&quot;_ob_bbad_sssic_use&quot;:&quot;no&quot;,&quot;_ob_glider_is_slider&quot;:&quot;no&quot;}">
						<div class="elementor-container elementor-column-gap-default">
					<div class="elementor-column elementor-col-100 elementor-top-column elementor-element elementor-element-51b79b6" data-id="51b79b6" data-element_type="column" data-e-type="column" data-settings="{&quot;_ob_bbad_is_stalker&quot;:&quot;no&quot;,&quot;_ob_teleporter_use&quot;:false,&quot;_ob_column_hoveranimator&quot;:&quot;no&quot;,&quot;_ob_column_has_pseudo&quot;:&quot;no&quot;}">
			<div class="elementor-widget-wrap elementor-element-populated">
						<div class="elementor-element elementor-element-58fe814 ob-has-background-overlay elementor-widget elementor-widget-spacer" data-id="58fe814" data-element_type="widget" data-e-type="widget" data-settings="{&quot;_ob_spacerat_use&quot;:&quot;no&quot;,&quot;_ob_perspektive_use&quot;:&quot;no&quot;,&quot;_ob_poopart_use&quot;:&quot;yes&quot;,&quot;_ob_shadough_use&quot;:&quot;no&quot;,&quot;_ob_allow_hoveranimator&quot;:&quot;no&quot;,&quot;_ob_widget_stalker_use&quot;:&quot;no&quot;}" data-widget_type="spacer.default">
				<div class="elementor-widget-container">
							<div class="elementor-spacer">
			<div class="elementor-spacer-inner"></div>
		</div>
						</div>
				</div>
					</div>
		</div>
					</div>
		</section>
				</div>

<p>Information und Offenlegung gemäß § 5 (1) ECG, § 25 MedienG, § 63 GewO und § 14 UGB Betreiber der Website:Reisebüro Idefix Flight Travel GmbH Adresse:Bandgasse 7/3/161070 Wien Kontaktinformationen:Tel.: +43-1/934 65 81Fax: +43-1/505 47 47-100E-Mail: office@idefixtravel.at Register:Firmenbuchnummer: 399694kFirmenbuchgericht: LG WienUID-Nummer: ATU68110956GISA-Nummer: 26217796 Zuständige Aufsichtsbehörde:Magistrat der Stadt WienMitglied der Wirtschaftskammer WienSparte Tourismus- und FreizeitwirtschaftFachgruppe ReisebürosReisebürogewerbeBerechtigung verliehen [&hellip;]</p>
